{"id":24038,"date":"2019-11-26T13:19:30","date_gmt":"2019-11-26T13:19:30","guid":{"rendered":"https:\/\/consulta-csc.it\/?page_id=24038"},"modified":"2019-11-29T14:27:41","modified_gmt":"2019-11-29T14:27:41","slug":"privacy","status":"publish","type":"page","link":"https:\/\/consulta-csc.it\/index.php\/pages\/privacy\/","title":{"rendered":"Informativa Privacy"},"content":{"rendered":"<section class=\"l-section wpb_row height_large color_primary with_img with_overlay\"><div class=\"l-section-img\" style=\"background-image: url(https:\/\/consulta-csc.it\/wp-content\/uploads\/2019\/11\/J6433_consulta-csc_CUORE_V04.jpg);background-position: bottom center;background-repeat: no-repeat;\" data-img-width=\"1920\" data-img-height=\"324\"><\/div><div class=\"l-section-overlay\" style=\"background: rgba(0,0,0,0.1)\"><\/div><div class=\"l-section-h i-cf\"><div class=\"g-cols vc_row type_default valign_middle\"><div class=\"vc_col-sm-6 wpb_column vc_column_container\"><div class=\"vc_column-inner\"><div class=\"wpb_wrapper\"><h1 class=\"w-page-title align_center\" itemprop=\"headline\" style=\"font-family:&#039;Roboto&#039;, sans-serif;text-transform:uppercase;font-size:3rem;line-height:1.1;color:#bd1a18;\">Informativa Privacy<\/h1><\/div><\/div><\/div><div class=\"vc_col-sm-6 wpb_column vc_column_container\"><div class=\"vc_column-inner\"><div class=\"wpb_wrapper\"><div class=\"w-image align_center\"><div class=\"w-image-h\"><img width=\"300\" height=\"178\" src=\"https:\/\/consulta-csc.it\/wp-content\/uploads\/2019\/11\/J6433_consulta-csc_LOGO_CUORE_3B-300x178.png\" class=\"attachment-medium size-medium\" alt=\"\" loading=\"lazy\" srcset=\"https:\/\/consulta-csc.it\/wp-content\/uploads\/2019\/11\/J6433_consulta-csc_LOGO_CUORE_3B-300x178.png 300w, https:\/\/consulta-csc.it\/wp-content\/uploads\/2019\/11\/J6433_consulta-csc_LOGO_CUORE_3B.png 659w\" sizes=\"(max-width: 300px) 100vw, 300px\" \/><\/div><\/div><\/div><\/div><\/div><\/div><\/div><\/section><section class=\"l-section wpb_row height_large\"><div class=\"l-section-h i-cf\"><div class=\"g-cols vc_row type_default valign_top\"><div class=\"vc_col-sm-12 wpb_column vc_column_container\"><div class=\"vc_column-inner\"><div class=\"wpb_wrapper\">\r\n\t<div class=\"wpb_text_column \">\r\n\t\t<div class=\"wpb_wrapper\">\r\n\t\t\t<p>Ai sensi dell&#8217;art. 13 D.Lgs. 30 giugno 2003, n. 196 (&#8220;<strong>Codice privacy<\/strong>&#8220;), dell&#8217;art. 13 del Regolamento Europeo n. 679 del 2016 (il &#8220;<strong>Regolamento privacy<\/strong>&#8220;), del Provvedimento n. 229 del 2014 del Garante della Protezione dei Dati Personali, nonch\u00e9 della Raccomandazione n. 2 del 2001 adottata ai sensi dell&#8217;art. 29 della Direttiva n. 95\/46\/CE, la\u00a0<strong>Fondazione per il Tuo cuore \u2013 HCF Onlus<\/strong>\u00a0(di seguito, la &#8220;<strong>Fondazione<\/strong>&#8221; o il &#8220;<strong>Titolare<\/strong>&#8220;) intende informare gli Utenti in merito all&#8217;utilizzo dei loro dati personali, dei log files e dei cookie raccolti tramite la navigazione nel Sito\u00a0<a href=\"https:\/\/consulta-csc.it\/\" target=\"_blank\" rel=\"noopener noreferrer\">https:\/\/consulta-csc.it\/<\/a>, dedicato alla \u201cConsulta, Comitato Strategico della Fondazione per il Tuo cuore \u2013 HCF\u201d (di seguito, il &#8220;<strong>Sito<\/strong>&#8220;).<\/p>\n<h4>1. Titolare, Responsabili del trattamento dei dati e Responsabile della Protezione dei Dati<\/h4>\n<p>Il titolare del trattamento dei dati personali \u00e8 la<strong> Fondazione per il Tuo cuore \u2013 HCF Onlus<\/strong> (di seguito, il \u201c<strong>Titolare<\/strong>\u201d o la \u201c<strong>Fondazione<\/strong>\u201d), con sede in Firenze, Via La Marmora n. 36, telefono 055-5101367, fax 055-5101360 ed email <a href=\"mailto:segreteria@periltuocuore.it\">segreteria@periltuocuore.it<\/a>.<br \/>\nL\u2019elenco aggiornato dei Responsabili del trattamento, ove designati, pu\u00f2 essere fornito su richiesta da parte degli Utenti.<br \/>\nI dati identificativi del Responsabile della Protezione dei Dati (ai sensi dell\u2019art. 37 del Regolamento privacy) sono reperibili sul Sito al seguente link: <a href=\"https:\/\/www.periltuocuore.it\/pages\/chi-siamo\/contatti\/segreteria\">https:\/\/www.periltuocuore.it\/pages\/chi-siamo\/contatti\/segreteria<\/a>.<\/p>\n<h4>2. Informazioni e dati raccolti automaticamente dal Sito<\/h4>\n<p>Come tutti i siti web, anche il Sito della Fondazione fa uso di log files nei quali vengono conservate informazioni raccolte in maniera automatizzata durante le visite degli Utenti.<\/p>\n<p>Le informazioni raccolte sono le seguenti:<\/p>\n<ul>\n<li>indirizzo internet protocol (IP);<\/li>\n<li>tipo di browser e parametri del dispositivo usato per connettersi al Sito;<\/li>\n<li>nome dell&#8217;internet service provider (ISP);<\/li>\n<li>data e orario di visita;<\/li>\n<li>pagina web di provenienza (referral) e di uscita dell&#8217;Utente;<\/li>\n<li>eventualmente il numero di click.<\/li>\n<\/ul>\n<p>Tali informazioni sono trattate in forma automatizzata e raccolte esclusivamente in forma aggregata al fine di verificare il corretto funzionamento del Sito.<\/p>\n<h4>Cookies<\/h4>\n<p>Nel Sito vengono utilizzati cookies. I cookies sono file di testo registrati su supporto informatico che permettono di registrare alcuni parametri e dati comunicati al sistema informatico, attraverso il browser utilizzato dagli Utenti. Tali strumenti consentono pertanto un&#8217;analisi delle loro abitudini nell&#8217;utilizzo di un determinato sito internet.<\/p>\n<p>Il sito web della Fondazione utilizza cookie &#8220;tecnici&#8221; propri e cookie &#8220;analitici&#8221; di terze parti; per una profonda analisi di tali cookie e della possibilit\u00e0 di bloccare il loro utilizzo negando il consenso, gli Utenti possono consultare il seguente link: <a href=\"https:\/\/consulta-csc.it\/index.php\/cookie-policy\/\">https:\/\/consulta-csc.it\/index.php\/cookie-policy\/<\/a>.<\/p>\n<h4>3. Dati inseriti volontariamente dagli Utenti: finalit\u00e0 e modalit\u00e0 di utilizzo<\/h4>\n<p>Per la semplice navigazione sul Sito pubblico, non \u00e8 necessario registrarsi, ma, al fine di poter accedere all\u2019area riservata, la Fondazione deve raccogliere alcune informazioni che riguardano gli Utenti al momento della loro registrazione. Per poter accedere all\u2019area riservata del Sito occorre aver compiuto 18 anni. Prima della conclusione del procedimento di accesso all\u2019area riservata del Sito, agli Utenti verr\u00e0 fornita un\u2019apposita informativa e sar\u00e0 chiesto di esprimere uno specifico consenso. In ogni caso, la Fondazione si impegna a utilizzare i dati personali degli Utenti unicamente nei modi, termini e per le finalit\u00e0 specificate di seguito.<\/p>\n<p>Il Titolare tratta i dati personali degli Utenti per le seguenti finalit\u00e0:<\/p>\n<ol type=\"i\">\n<li>consentire la loro navigazione all\u2019interno del Sito;<\/li>\n<li>adempiere agli obblighi di legge;<\/li>\n<li>effettuare la gestione tecnica del Sito.<\/li>\n<\/ol>\n<p>I dati forniti dagli Utenti verranno trattati prevalentemente con strumenti informatici sotto l\u2019autorit\u00e0 del Titolare del trattamento, da parte di soggetti specificamente designati, autorizzati ed istruiti al trattamento ai sensi dell\u2019art. 29 del Regolamento privacy e dell\u2019art. 2-quaterdecies del D.Lgs. 30 giugno 2003, n. 196 come modificato dal D.Lgs. n. 101 del 2018 (di seguito, il \u201cCodice privacy\u201d), mediante strumenti manuali, informatici o telematici, con logiche strettamente correlate alle finalit\u00e0 e comunque in modo da garantire la riservatezza e la sicurezza dei dati personali.<\/p>\n<h4>4. Natura obbligatoria o facoltativa del conferimento dei dati, conseguenze di un eventuale rifiuto e base giuridica del trattamento<\/h4>\n<p>Ai fini della corretta navigazione sul Sito (finalit\u00e0 di cui ai punti (i) e (iii) del precedente paragrafo 3), il conferimento dei dati personali degli Utenti \u00e8 obbligatorio in quanto, in mancanza di ci\u00f2, non potr\u00e0 essere garantita loro la predetta navigazione; pertanto, la base giuridica del trattamento \u00e8 rinvenibile nell\u2019art. 6, comma 1, lett. b) del Regolamento privacy).<\/p>\n<p>Invece, con riferimento alla finalit\u00e0 di cui al punto (ii) del precedente paragrafo 3, la base giuridica del trattamento \u00e8 l\u2019adempimento di obblighi legali in capo al Titolare, ai sensi dell\u2019art. 6, comma 1, lett. c) del Regolamento privacy).<\/p>\n<h4>5. A chi e in che ambito il Titolare pu\u00f2 trasmettere i dati personali degli Utenti<\/h4>\n<p>I dati personali degli Utenti potranno essere comunicati all&#8217;interno e all&#8217;esterno dell&#8217;UE, nel pieno rispetto di quanto previsto dal Codice privacy e dal Regolamento privacy, ai seguenti soggetti:<\/p>\n<ol type=\"i\">\n<li>alle autorit\u00e0 pubbliche, ove ci\u00f2 sia imposto dalla legge o su loro richiesta;<\/li>\n<li>alle strutture e\/o societ\u00e0 esterne di cui il Titolare si avvale per lo svolgimento di attivit\u00e0 connesse, strumentali o conseguenti alla corretta navigazione sul Sito;<\/li>\n<li>ai consulenti esterni, se non designati per iscritto Responsabili del trattamento.<\/li>\n<\/ol>\n<p>I soggetti sopra indicati, ai quali i dati degli Utenti potranno essere comunicati (in quanto non designati per iscritto Responsabili del trattamento o in quanto non contitolari del medesimo), tratteranno i dati personali degli Utenti in qualit\u00e0 di titolari del trattamento ai sensi della normativa applicabile, in piena autonomia, essendo estranei all\u2019originario trattamento eseguito dalla Fondazione.<\/p>\n<h4>6. I diritti degli Utenti<\/h4>\n<p>I singoli Utenti in qualsiasi momento potranno esercitare i diritti di cui agli art. 15, 16, 17, 18, 20 e 21 del Regolamento privacy, nelle modalit\u00e0 stabilite dall\u2019art. 12 del Regolamento privacy e nei limiti stabiliti dall\u2019art. 2-undecies del Codice privacy, inviando una comunicazione scritta ai recapiti del Titolare di cui al precedente paragrafo 1 e, per l\u2019effetto, ottenere:<\/p>\n<ul>\n<li>la conferma dell&#8217;esistenza o meno dei dati personali dell&#8217;Utenti con indicazione della relativa origine, verificarne l&#8217;esattezza o richiederne l&#8217;aggiornamento, la rettifica, l&#8217;integrazione;<\/li>\n<li>l&#8217;accesso, la rettifica, la cancellazione dei dati personali o la limitazione del trattamento;<\/li>\n<li>la cancellazione, trasformazione in forma anonima o il blocco dei dati personali trattati in violazione di legge.<\/li>\n<\/ul>\n<p>I singoli Utenti, inoltre, potranno opporsi al trattamento dei dati personali che li riguardano.<\/p>\n<h4>7. Durata del Trattamento<\/h4>\n<p>Fatti salvi gli obblighi di legge, i dati personali degli Utenti verranno conservati per un arco di tempo non superiore al conseguimento delle finalit\u00e0 per le quali sono trattati (c.d. \u201cprincipio di limitazione della conservazione\u201d di cui all\u2019art.5 del Regolamento privacy). La verifica sulla obsolescenza dei dati conservati in relazione alle finalit\u00e0 per cui sono stati raccolti viene effettuata periodicamente. Nonostante quanto precede, la Fondazione potr\u00e0 conservare taluni dati personali degli Utenti esclusivamente per difendere o far valere un proprio diritto ovvero nei casi previsti dalla legge o per effetto dell\u2019ordine di un\u2019autorit\u00e0 giudiziale o amministrativa.<\/p>\n<h4>8. Misure di sicurezza<\/h4>\n<p>Attraverso il Sito, i dati personali degli Utenti sono trattati nel rispetto della legge applicabile ed utilizzando adeguate misure di sicurezza, in ossequio alla normativa in vigore anche ai sensi degli artt. 5 e 32 del Regolamento privacy.<br \/>\nIn merito, si conferma, tra l\u2019altro, l\u2019adozione di opportune misure di sicurezza volte ad impedire accessi non autorizzati, furto, divulgazione, modifica o distruzione non autorizzata dei dati degli Utenti.<\/p>\n<h4>9. Modifiche all&#8217;Informativa privacy<\/h4>\n<p>La presente informativa \u00e8 soggetta a modifiche da parte del Titolare del trattamento; la Fondazione comunicher\u00e0 sul Sito stesso le modifiche agli Utenti, con un preavviso di almeno 15 giorni rispetto alla data in cui si applicher\u00e0 la nuova informativa.<\/p>\n\r\n\t\t<\/div>\r\n\t<\/div>\r\n<\/div><\/div><\/div><\/div><\/div><\/section>\n ","protected":false},"excerpt":{"rendered":"Informativa Privacy Ai sensi dell&#8217;art. 13 D.Lgs. 30 giugno 2003, n. 196 (&#8220;Codice privacy&#8220;), dell&#8217;art. 13 del Regolamento Europeo n. 679 del 2016 (il &#8220;Regolamento privacy&#8220;), del Provvedimento n. 229 del 2014 del Garante della Protezione dei Dati Personali, nonch\u00e9 della Raccomandazione n. 2 del 2001 adottata ai sensi dell&#8217;art. 29 della Direttiva n. 95\/46\/CE,...","protected":false},"author":1,"featured_media":0,"parent":1106,"menu_order":0,"comment_status":"closed","ping_status":"closed","template":"","meta":[],"_links":{"self":[{"href":"https:\/\/consulta-csc.it\/index.php\/wp-json\/wp\/v2\/pages\/24038"}],"collection":[{"href":"https:\/\/consulta-csc.it\/index.php\/wp-json\/wp\/v2\/pages"}],"about":[{"href":"https:\/\/consulta-csc.it\/index.php\/wp-json\/wp\/v2\/types\/page"}],"author":[{"embeddable":true,"href":"https:\/\/consulta-csc.it\/index.php\/wp-json\/wp\/v2\/users\/1"}],"replies":[{"embeddable":true,"href":"https:\/\/consulta-csc.it\/index.php\/wp-json\/wp\/v2\/comments?post=24038"}],"version-history":[{"count":4,"href":"https:\/\/consulta-csc.it\/index.php\/wp-json\/wp\/v2\/pages\/24038\/revisions"}],"predecessor-version":[{"id":24159,"href":"https:\/\/consulta-csc.it\/index.php\/wp-json\/wp\/v2\/pages\/24038\/revisions\/24159"}],"up":[{"embeddable":true,"href":"https:\/\/consulta-csc.it\/index.php\/wp-json\/wp\/v2\/pages\/1106"}],"wp:attachment":[{"href":"https:\/\/consulta-csc.it\/index.php\/wp-json\/wp\/v2\/media?parent=24038"}],"curies":[{"name":"wp","href":"https:\/\/api.w.org\/{rel}","templated":true}]}}